 -354 - (7 + -2)
-7
What is -12 + 5 - (6 + (-6 - (-2 - 4)))?
-13
Calculate -17 + (12 - 5) + (-3 - 2) + 3.
-12
What is (8 - (5 + 2) - -6) + 1?
8
What is (3 + -1 - 1) + -16 + 21 + -13?
-7
What is -3 + -8 + 24 + -6 + -6 + -2?
-1
(1 + -1 - 0) + (-195 - -183) - -5
-7
-8 + -8 + 11 + (-9 - 0)
-14
What is -6 + 3 + (-6 - (9 - 10)) + -1?
-9
Calculate -10 + -14 + 20 + -14.
-18
What is the value of (-9 - -14) + 5 + -4 + -1 + -38?
-33
Calculate 5 - (-9 + 45) - -4 - (-1 - 2).
-24
2 + -16 + -15 + 23
-6
6 + (9 + -13 - -6)
8
Evaluate 3 + 0 - (7 + (-6 - 3)) - 15.
-10
What is the value of (-48 - -10) + 19 + 2?
-17
What is the value of -29 + 31 - (-6 - 1) - -2?
11
(-4 - (8 - -11)) + 11 + 1
-11
What is the value of 27 + 15 + -23 - -10?
29
-3 + 33 + 27 + (-26 - 10)
21
What is (-7 + 23 - 11) + 8?
13
Evaluate (1 - -16) + -69 + -15 + 82.
15
Calculate -8 + (-3 - (-25 + 8)).
6
What is the value of 11 + (3 + 4 - 13) - (5 + 8)?
-8
Calculate (-3 - 7) + 7 + 4 + 17.
18
3 + -2 - (31 - 18)
-12
55 + -59 + -6 - (1 + 1 - -9)
-21
-11 + 13 + -14 - (-1 + -2)
-9
Calculate 4 - (-6 + 5 + -3) - -1.
9
-16 + (-10 - (3 - 19)) - (1 - 12)
1
What is -14 + 2 + 7 + (2 - 10) + 1?
-12
Evaluate 1 + -25 + -2 + 0 + -203 + 213.
-16
Calculate (10 + -28 - -2) + -10 + 23.
-3
What is -13 - (2 + -38) - 2?
21
Evaluate 5 + -3 + -32 + 16.
-14
-3 + (-20 + -4 - -18)
-9
What is the value of 35 + -35 + (1 - -12)?
13
Calculate -17 + -7 + 24 + -12 + 24.
12
What is the value of -8 - (-5 + 5) - -4?
-4
What is the value of -23 + (-7 + 2 - (9 - (23 + -3)))?
-17
What is the value of 10 + -4 + 138 + -149?
-5
-3 + (-4 - -9 - -2) - 17
-13
Evaluate -9 + 6 + -1 - (-22 - -16).
2
What is the value of 7 - (8 + -3) - (5 + 5 + 4)?
-12
What is the value of -6 + -3 - (84 - 85)?
-8
Calculate 1 + -12 + (-9 - 12 - -13).
-19
(5 + 0 - 1) + -38 + (-5 - -24)
-15
Calculate 1 - 4 - (-11 + -5 + (8 - 8)).
13
Evaluate 9 + -23 + 14 + -3.
-3
What is the value of 7 - (6 + -12 + 3) - -6 - 7?
9
Evaluate -13 - (20 + (7 - 27)).
-13
Calculate (46 - 30) + -5 + 5 + -9.
7
Calculate 2 - -18 - (65 - 61).
16
Evaluate 13 + -4 + 6 + 6 + -8 + -5.
8
Calculate -43 - -60 - (11 - (-2 + 10)).
14
Calculate -12 - (21 + (-20 - 26)).
13
What is the value of (-4 - 0 - 12 - -14) + -1?
-3
Evaluate 6 + ((-16 - -22) + -9 - (-10 - 1)).
14
What is the value of 504 - 485 - (5 - 1)?
15
(25 - (39 + -77)) + -32
31
Calculate 6 + -6 + 1 + (6 - 2 - -7).
12
What is -7 + 1 + 2 + -1?
-5
(-1 - 1) + (-23 + 10 - -23)
8
What is -6 - (1 + 6 - (11 + -2))?
-4
What is the value of (-6 - -2) + (66 - (-64 + 144))?
-18
What is the value of 25 - (-8 + -4 + 33)?
4
-19 + 4 + 21 + 6
12
What is -4 + 17 + -2 + -11?
0
(-3 + 3 - (-10 + 22)) + 28
16
What is the value of 14 + -1 + (2 + 17 - 8)?
24
0 + -2 + 3 + (-334 - -311)
-22
What is the value of 30 - (-4 - -15) - 16 - 32?
-29
What is -1 - (1 + -2 + 4 - (28 - 2))?
22
What is (-5 - -16) + -14 + 2?
-1
Evaluate 2 + (1 - -12) + -12 + (0 - 13).
-10
What is the value of 10 + 2 - (12 - (14 - 15) - 4)?
3
1 - -40 - (1754 + -1736)
23
Calculate (-75 + 69 - (-8 + 2)) + (0 - 0).
0
What is the value of 5 + -15 - (-3 - 2 - -6)?
-11
What is -5 + 8 + -35 - (-13 - -2) - -10?
-11
Calculate (-1 - -2) + -7 + 3 + -424 + 414.
-13
Calculate -10 + (3 - 0 - 20) + -2 + 7.
-22
Evaluate -5 - 14 - (-50 - -33).
-2
35 + -23 + (-14 + 7 - -3)
8
What is -39 + 25 + 12 + 1?
-1
-12 - -8 - (19 + -15)
-8
9 - (15 - (27 + -10))
11
Calculate -8 + -15 - (-17 + 24).
-30
What is the value of 2 + (8 - -10) + -7?
13
314 - 319 - (1 - -2)
-8
What is the value of (1 + -4 - (22 + -6)) + 9?
-10
What is the value of -4 + 4 - (11 + -5 + -7)?
1
Calculate (-8 - -5) + 14 - 8.
3
What is -1 + 17 - (9 - 10)?
17
27 - (-17 + 7 - -17 - (-10 + 22))
32
Evaluate 1 + 0 + (-4 - (-7 - 1)) - 5.
0
8 + (10 - 2) + (24 - 9) + -19
12
What is the value of -4 + (13 - 1 - 19)?
-11
What is the value of (-6 - ((-1 - -5) + -2)) + (77 - 80)?
-11
What is -2 + 6 + (-4 - (-2 + 9 - 9))?
2
What is the value of -5 + 1 + 5 - (-13 + (-1 - -1))?
14
Evaluate -174 + 180 - (-3 - (-20 - -3 - -2)).
-6
12 + (-2 - 7) - 25
-22
-33 - (-94 + 20 + 11)
30
What is the value of -3 + -11 + -56 + 66?
-4
Calculate -5 - (-6 + 13 + 0 + -3).
-9
Calculate 25 - (-27 - (-40 - 28)).
-16
0 - -15 - (-18 + -8 - -23)
18
Evaluate 4 + -13 - -1 - -18.
10
Evaluate -6 - ((1 - 0) + 39 + -47 + 0).
1
What is -16 + (27 - (38 + -11))?
-16
Calculate 337 + -351 + (24 - -1).
11
(2 - 1) + 2 + -6 + -34 + 25
-12
What is -11 - 12 - (6 + -31)?
2
What is the value of (1293 - 1264) + 0 + -28?
1
Calculate 39 + -39 - (0 + 13).
-13
7 - ((13 - 7) + -1)
2
Calculate (-9 - (-12 - -14)) + 8.
-3
What is -16 - (-5 - 2 - (-7 - -8 - 4))?
-12
Evaluate -11 - (-10 + -6 + (-20 - -33)).
-8
Calculate -7 - ((1 - (-3 + 2)) + (-33 - -27)).
-3
Evaluate 5 + 0 + -20 + 68 + -79.
-26
What is 0 - (29 - 10) - -29?
10
(15 - 1 - 3) + -8 - -9
12
What is the value of -6 + -47 + (2 - -27)?
-24
What is 4 + (-3 - (4 - (-5 - -7) - 12))?
11
Calculate (37 + -16 - 15) + -13.
-7
5 + 2 + -1 - (-6 - (-21 + 4))
-5
What is (-21 + 35 - 31) + (0 - 5 - -16)?
-6
Calculate (-17 + 7 + -10 - -2) + 10.
-8
Evaluate 6 - (-4 - (0 - (-8 - -12))).
6
What is (4 - (-13 + 1)) + -13 + -10?
-7
What is -3 - (-9 + (-1 - -18) - 17)?
6
What is -8 + -15 + (17 - (17 - -4))?
-27
Evaluate (-99 - -65 - (0 - 13)) + (0 - 3).
-24
Evaluate (-4 - -15) + -27 + 9.
-7
What is the value of 385 - 390 - (2 + -36)?
29
-11 + (0 - 7 - 7) + (10 - 2)
-17
Evaluate -22 + (10 - (-6 - -7 - -3)) + 1.
-15
Evaluate -2 + 22 - (127 - 121).
14
Evaluate 2 + 7 + 37 + -41.
5
-15 - (4 + -4 + 7 - (-2 - -13))
-11
What is the value of (-7 - -11) + -6 + -7 + 25 + 0?
16
Evaluate -28 - (2 - -3 - (-68 + 75) - 5).
-21
Evaluate -31 + 4 + (7 - -11).
-9
Calculate 200 + -190 - (44 - -1).
-35
What is the value of 0 + (16 - 14) + (14 - 0)?
16
Calculate (1 - (-8 + 21 + -6)) + 13 + 1.
8
What is -14 + (1 - -10) - (-2 - -3 - 6)?
2
What is 105 - 120 - (-7 + 1)?
-9
Evaluate (0 - (-1 - (2 + 11))) + (-1295 - -1305).
24
What is the value of -13 + 28 - (1 - 3 - (1 - 9))?
9
What is the value of 17 + -1 + (2 - 12)?
6
Calculate -4 - (-12 + 2 + (-7 - -9) - 1).
5
What is the value of -5 - (-14 - (-4 - 4 - -10))?
11
Calculate -11 - -4 - (-5 + (-3 - 3)) - 4.
0
Calculate -2 - -2 - (14 + (14 + -11 - 25)).
8
(-18 - (-27 + 33)) + 19
-5
What is the value of 13 - (-2 - (8 + 3 + -8))?
18
What is the value of (1 - (-2 + -1)) + (-332 - -322)?
-6
(27 - (-15 - -29)) + 5 + 0
18
What is the value of 10 + -13 + -2 + 53 + -51?
-3
What is the value of (-10 + 1 + -1 - (-2 + -4)) + 21?
17
What is the value of -9 - (-13 - (11 + -13))?
2
-4 + (-1 + -1 - (27 + -23) - -13)
3
Evaluate -3 - (2 - (-4 - -5)) - (6 + -5).
-5
Calculate 6 + (-39 - -10) - -19.
-4
What is 11 + 0 + 3 - (14 + -10)?
10
-16 - (-7 + (39 - 19))
-29
What is (13 - -1) + -309 + 296?
1
2 + -11 - (-19 - (0 + (20 - 37)))
-7
(2 - 24) + (-1 - (-8 + 0))
-15
Evaluate 8 - (21 + -1 + -10 + -8).
6
What is -3 + 4 - (2 + -1) - 7?
-7
Evaluate 4 + 12 + (-3 - -4) - (5 - 0).
12
Evaluate 26 + (29 - 25 - 25).
5
What is the value of -3 - (110 + -97 - (-1 + (-2 - -5)))?
-14
Calculate 252 - 287 - (-54 - -4).
15
Evaluate -8 - -1 - ((-16 + -2 - -14) + 1).
-4
Calculate (1 - -1 - -8 - (-155 - -160)) + -3.
2
Evaluate 0 + 3 - -2 - (-28 + 28).
5
Calculate -8 + -15 + 15 + -7.
-15
Calculate -5 + (3 - (2 - (-1 - 0))).
-5
Calculate (-32 - -66 - 64) + 59.
29
-3 + -10 + (21 - 24 - -19)
3
Evaluate 0 - -5 - (16 + -13) - 7 - 1.
-6
Calculate 44 + -40 + (0 - -8) - (1 + -3).
14
2 - -1 - (1 - 0) - 2
0
What is (-44 + -22 - -32) + 33?
-1
What is the value of 285 + -312 + (13 - 0) - -5?
-9
-12 - (8 - (0 + 0 - (-8 - -1)))
-13
-2 - (-1 + (-1 - (-4 + 9)))
5
What is 3 - (-2 + ((6 - 2) + -12 - -16))?
-3
What is the value of -1 - 3 - (-121 - -121)?
-4
Evaluate -2 + 4 + -7 + -2 + 1.
-6
What is the value of -37 + (-5 - (0 - -8)) + 23?
-27
What is 1 + -7 + (72 - 53)?
13
Calculate 15 + (11 - 23 - 2).
1
Calculate (19 - 22) + -14 - -21.
4
What is -15 + (-2 - (-5 + (-3 - -4)) - 0)?
-13
What is the value of (-5 - -1) + (-2 + -23 - -9 - -13)?
-7
Calculate 16 + (0 + (19 - 12) - 12 - 0).
11
What is the value of (-1 - (8 + -6 + -7)) + (5 - 5)?
4
What is 18 + (-16 - -4) - (-2 - -13)?
-5
What is 26 + -20 - (5 + -5 + 1)?
5
What is -8 + 7 + (9 - 20) + -1 + 10?
-3
Calculate 17 - (14 - (-15 - 1)).
-13
What is the value of (-10 - -15) + (-